{"id":173,"date":"2019-03-09T15:27:44","date_gmt":"2019-03-09T15:27:44","guid":{"rendered":"http:\/\/xn--reitanlage-brnninghausen-xoc.de\/word-press\/?page_id=173"},"modified":"2019-04-01T17:21:51","modified_gmt":"2019-04-01T17:21:51","slug":"springplatz-2","status":"publish","type":"page","link":"https:\/\/xn--reitanlage-brnninghausen-xoc.de\/?page_id=173","title":{"rendered":"Springplatz"},"content":{"rendered":"\t\t<div data-elementor-type=\"wp-post\" data-elementor-id=\"173\" class=\"elementor elementor-173 elementor-bc-flex-widget\">\n\t\t\t\t\t\t<section class=\"elementor-section elementor-top-section elementor-element elementor-element-e5ec182 elementor-section-full_width elementor-section-height-default elementor-section-height-default\" data-id=\"e5ec182\" data-element_type=\"section\">\n\t\t\t\t\t\t<div class=\"elementor-container elementor-column-gap-default\">\n\t\t\t\t\t<div class=\"elementor-column elementor-col-100 elementor-top-column elementor-element elementor-element-9e09b55\" data-id=\"9e09b55\" data-element_type=\"column\">\n\t\t\t<div class=\"elementor-widget-wrap elementor-element-populated\">\n\t\t\t\t\t\t<div class=\"elementor-element elementor-element-1e64f6b elementor-widget elementor-widget-heading\" data-id=\"1e64f6b\" data-element_type=\"widget\" data-widget_type=\"heading.default\">\n\t\t\t\t<div class=\"elementor-widget-container\">\n\t\t\t\t\t<h2 class=\"elementor-heading-title elementor-size-xl\">UNser Springplatz<\/h2>\t\t\t\t<\/div>\n\t\t\t\t<\/div>\n\t\t\t\t\t<\/div>\n\t\t<\/div>\n\t\t\t\t\t<\/div>\n\t\t<\/section>\n\t\t\t\t<section class=\"elementor-section elementor-top-section elementor-element elementor-element-fc3acb9 elementor-section-full_width elementor-section-height-default elementor-section-height-default\" data-id=\"fc3acb9\" data-element_type=\"section\">\n\t\t\t\t\t\t<div class=\"elementor-container elementor-column-gap-default\">\n\t\t\t\t\t<div class=\"elementor-column elementor-col-50 elementor-top-column elementor-element elementor-element-2a8f8fa\" data-id=\"2a8f8fa\" data-element_type=\"column\">\n\t\t\t<div class=\"elementor-widget-wrap elementor-element-populated\">\n\t\t\t\t\t\t<div class=\"elementor-element elementor-element-44fda94 elementor-widget elementor-widget-text-editor\" data-id=\"44fda94\" data-element_type=\"widget\" data-widget_type=\"text-editor.default\">\n\t\t\t\t<div class=\"elementor-widget-container\">\n\t\t\t\t\t\t\t\t\t<p>Auch f\u00fcr die Springreiter werden gute Trainingsbedingungen geboten.<\/p><p>So stehen ihnen verschiedene Hindernisse, auf etwa 1.000qm Fl\u00e4che zur Verf\u00fcgung.<\/p><p>Die Hindernisse werden bei schlechten Wetter und zum \u00dcberwintern \u00fcberdacht gelagert.<\/p>\t\t\t\t\t\t\t\t<\/div>\n\t\t\t\t<\/div>\n\t\t\t\t\t<\/div>\n\t\t<\/div>\n\t\t\t\t<div class=\"elementor-column elementor-col-50 elementor-top-column elementor-element elementor-element-1a20dd4\" data-id=\"1a20dd4\" data-element_type=\"column\">\n\t\t\t<div class=\"elementor-widget-wrap elementor-element-populated\">\n\t\t\t\t\t\t<div class=\"elementor-element elementor-element-9db284a elementor-arrows-position-inside elementor-widget elementor-widget-image-carousel\" data-id=\"9db284a\" data-element_type=\"widget\" data-settings=\"{&quot;slides_to_show&quot;:&quot;1&quot;,&quot;navigation&quot;:&quot;arrows&quot;,&quot;autoplay&quot;:&quot;yes&quot;,&quot;pause_on_hover&quot;:&quot;yes&quot;,&quot;pause_on_interaction&quot;:&quot;yes&quot;,&quot;autoplay_speed&quot;:5000,&quot;infinite&quot;:&quot;yes&quot;,&quot;effect&quot;:&quot;slide&quot;,&quot;speed&quot;:500}\" data-widget_type=\"image-carousel.default\">\n\t\t\t\t<div class=\"elementor-widget-container\">\n\t\t\t\t\t\t\t<div class=\"elementor-image-carousel-wrapper swiper\" role=\"region\" aria-roledescription=\"carousel\" aria-label=\"Bild Karussell\" dir=\"ltr\">\n\t\t\t<div class=\"elementor-image-carousel swiper-wrapper swiper-image-stretch\" aria-live=\"off\">\n\t\t\t\t\t\t\t\t<div class=\"swiper-slide\" role=\"group\" aria-roledescription=\"slide\" aria-label=\"1 von 3\"><figure class=\"swiper-slide-inner\"><img decoding=\"async\" class=\"swiper-slide-image\" src=\"https:\/\/i0.wp.com\/xn--reitanlage-brnninghausen-xoc.de\/word-press\/wp-content\/uploads\/2019\/03\/Springplatz.jpg?fit=2048%2C1356&amp;ssl=1\" alt=\"Springplatz\" \/><\/figure><\/div><div class=\"swiper-slide\" role=\"group\" aria-roledescription=\"slide\" aria-label=\"2 von 3\"><figure class=\"swiper-slide-inner\"><img decoding=\"async\" class=\"swiper-slide-image\" src=\"https:\/\/i0.wp.com\/xn--reitanlage-brnninghausen-xoc.de\/word-press\/wp-content\/uploads\/2019\/03\/Springplatz_01.jpg?fit=960%2C640&amp;ssl=1\" alt=\"Springplatz_01\" \/><\/figure><\/div><div class=\"swiper-slide\" role=\"group\" aria-roledescription=\"slide\" aria-label=\"3 von 3\"><figure class=\"swiper-slide-inner\"><img decoding=\"async\" class=\"swiper-slide-image\" src=\"https:\/\/i0.wp.com\/xn--reitanlage-brnninghausen-xoc.de\/word-press\/wp-content\/uploads\/2019\/03\/IMG_1075.jpg?fit=960%2C639&amp;ssl=1\" alt=\"IMG_1075\" \/><\/figure><\/div>\t\t\t<\/div>\n\t\t\t\t\t\t\t\t\t\t\t\t<div class=\"elementor-swiper-button elementor-swiper-button-prev\" role=\"button\" tabindex=\"0\">\n\t\t\t\t\t\t<i aria-hidden=\"true\" class=\"eicon-chevron-left\"><\/i>\t\t\t\t\t<\/div>\n\t\t\t\t\t<div class=\"elementor-swiper-button elementor-swiper-button-next\" role=\"button\" tabindex=\"0\">\n\t\t\t\t\t\t<i aria-hidden=\"true\" class=\"eicon-chevron-right\"><\/i>\t\t\t\t\t<\/div>\n\t\t\t\t\n\t\t\t\t\t\t\t\t\t<\/div>\n\t\t\t\t\t\t<\/div>\n\t\t\t\t<\/div>\n\t\t\t\t\t<\/div>\n\t\t<\/div>\n\t\t\t\t\t<\/div>\n\t\t<\/section>\n\t\t\t\t<\/div>\n\t\t","protected":false},"excerpt":{"rendered":"<p>UNser Springplatz Auch f\u00fcr die Springreiter werden gute Trainingsbedingungen geboten. So stehen ihnen verschiedene Hindernisse, auf etwa 1.000qm Fl\u00e4che zur Verf\u00fcgung. Die Hindernisse werden bei schlechten Wetter und zum \u00dcberwintern \u00fcberdacht gelagert.<\/p>\n","protected":false},"author":2,"featured_media":0,"parent":142,"menu_order":0,"comment_status":"closed","ping_status":"closed","template":"elementor_header_footer","meta":{"footnotes":""},"jetpack_sharing_enabled":true,"jetpack_shortlink":"https:\/\/wp.me\/PcJqFT-2N","_links":{"self":[{"href":"https:\/\/xn--reitanlage-brnninghausen-xoc.de\/index.php?rest_route=\/wp\/v2\/pages\/173"}],"collection":[{"href":"https:\/\/xn--reitanlage-brnninghausen-xoc.de\/index.php?rest_route=\/wp\/v2\/pages"}],"about":[{"href":"https:\/\/xn--reitanlage-brnninghausen-xoc.de\/index.php?rest_route=\/wp\/v2\/types\/page"}],"author":[{"embeddable":true,"href":"https:\/\/xn--reitanlage-brnninghausen-xoc.de\/index.php?rest_route=\/wp\/v2\/users\/2"}],"replies":[{"embeddable":true,"href":"https:\/\/xn--reitanlage-brnninghausen-xoc.de\/index.php?rest_route=%2Fwp%2Fv2%2Fcomments&post=173"}],"version-history":[{"count":6,"href":"https:\/\/xn--reitanlage-brnninghausen-xoc.de\/index.php?rest_route=\/wp\/v2\/pages\/173\/revisions"}],"predecessor-version":[{"id":259,"href":"https:\/\/xn--reitanlage-brnninghausen-xoc.de\/index.php?rest_route=\/wp\/v2\/pages\/173\/revisions\/259"}],"up":[{"embeddable":true,"href":"https:\/\/xn--reitanlage-brnninghausen-xoc.de\/index.php?rest_route=\/wp\/v2\/pages\/142"}],"wp:attachment":[{"href":"https:\/\/xn--reitanlage-brnninghausen-xoc.de\/index.php?rest_route=%2Fwp%2Fv2%2Fmedia&parent=173"}],"curies":[{"name":"wp","href":"https:\/\/api.w.org\/{rel}","templated":true}]}}